{"id":1245,"date":"2020-02-04T07:58:20","date_gmt":"2020-02-04T11:58:20","guid":{"rendered":"https:\/\/ppgagronomiacpcs.ufms.br\/?page_id=1245"},"modified":"2025-07-04T08:36:28","modified_gmt":"2025-07-04T12:36:28","slug":"acompanhamento-de-egressos","status":"publish","type":"page","link":"https:\/\/ppgagronomiacpcs.ufms.br\/en\/acompanhamento-de-egressos\/","title":{"rendered":"Egress Monitoring"},"content":{"rendered":"The Graduate Program in Agronomy has a strict policy for egress monitoring. This monitoring is carried out periodically by a committee through the personal contacts of the egresses (cell phone, email), social media (Facebook, Instagram), and Lattes CV. Thereby, the commettee members were able to map all the egresses over the years 2017, 2018, and 2019. It appears that the Graduate Program in Agronomy has a critical core function, in which its egresses have been acting as PhD students and\/or researchers in different institutions, agricultural companies (e.g., Coodetec, Cerradinho, etc.), and agriculture consulting or working on Agro-defense in different agencies. Currently, none of the egresses from the Graduate Program in Agronomy from the last four years is outside the labor market. These facts demonstrate that the Graduate Program in Agronomy is providing conditions for its master students to be successful in their professional life.<\/p>\n<p>In 2017, the committee members were able to map the professional performance of all egresses of the Graduate Program in Agronomy:<\/p>\n<p>&nbsp;<\/p>\n<p>CHRISTIAN RONES WRUCK DE SOUZA OSORIO\u00a0 \u00a0 (Respons\u00e1vel t\u00e9cnico: Fazenda Alegrete\/Chapad\u00e3o do C\u00e9u-GO)<\/p>\n<p>CLAUDIA KELY PIRES DE MATTOS SORANA (Professor: EE Jorge Amado)<\/p>\n<p>DAIANE DE SOUZA BUENO (Respons\u00e1vel t\u00e9cnico\u00a0\u00a0 AGCO)<\/p>\n<p>DESIREE KRISLEYNE CANDIDO MODESTO (Discente de curso t\u00e9cnico em ingl\u00eas RIGHTWORD Language institute\/Irlanda)<\/p>\n<p>HUGO MANOEL DE SOUZA\u00a0 (Pesquisador:\u00a0 Oro Agri AS)<\/p>\n<p>JOB TEIXEIRA DE OLIVEIRA (Professor Adjunto UEMA)<\/p>\n<p>MAICON JOSE NOCCHI\u00a0 (Professor:\u00a0 EE Jorge Amado)<\/p>\n<p>MARCO ANTONIO VRECH DE SOUZA\u00a0 (Discente de doutorado\u00a0 \u00a0UNESP\/Jaboticabal)<\/p>\n<p>MARILIZE BITTENCOURT CALDAS\u00a0 (Respons\u00e1vel t\u00e9cnico\u00a0\u00a0 Agroceres)<\/p>\n<p>PAULO AUGUSTO ZUCCHI DESENSO\u00a0 (Respons\u00e1vel t\u00e9cnico\u00a0\u00a0 Nufarm)<\/p>\n<p>PEDRO DE PAULA CABRAL\u00a0 \u00a0(Respons\u00e1vel t\u00e9cnico\u00a0\u00a0 Monsanto)<\/p>\n<p>RAFAEL SANTOS FARAUN (Analista\u00a0 \u00a0Rabobank)<\/p>\n<p>SAMELA BEUTINGER CAVALHEIRO\u00a0 \u00a0(Discente de doutorado\u00a0 \u00a0UFG)<\/p>\n<p>&nbsp;<\/p>\n<p>No ano de 2018, conseguimos mapear a atua\u00e7\u00e3o profissional de todos os egressos do programa:<\/p>\n<p>ALINE SANT ANNA MONQUEIRO\u00a0 (T\u00e9cnica em laborat\u00f3rio de sementes\u00a0 \u00a0Fazenda Monte Alegre\/Montividiu-GO)<\/p>\n<p>BRUNA RENGEL DE FREITAS NAVES\u00a0 (Condutora de visitantes\u00a0\u00a0\u00a0 Parque Nacional das Emas)<\/p>\n<p>FERNANDA BRITO CARDOSO\u00a0 \u00a0(Respons\u00e1vel t\u00e9cnico\u00a0 \u00a0Cultivar Agr\u00edcola)<\/p>\n<p>FERNANDO HENRIQUE QUEIROZ SOUZA\u00a0 \u00a0(Discente de doutorado\u00a0\u00a0\u00a0\u00a0\u00a0 UNESP\/Botucatu)<\/p>\n<p>FRANCIELI APARECIDA DO AMARAL (Respons\u00e1vel t\u00e9cnico\u00a0\u00a0\u00a0\u00a0\u00a0\u00a0\u00a0\u00a0\u00a0 Preserva Legal)<\/p>\n<p>GABRIEL LUIZ PIATI\u00a0 (Discente de doutorado\u00a0\u00a0\u00a0\u00a0\u00a0 UFGD)<\/p>\n<p>IRINEU EDUARDO KUHN\u00a0 \u00a0 (Discente de doutorado\u00a0\u00a0\u00a0\u00a0\u00a0 UNESP\/Botucatu)<\/p>\n<p>JOSIANE APARECIDA VIVEIROS DE OLIVEIRA (Aluna especial\u00a0\u00a0\u00a0\u00a0 UNESP\/Ilha Solteira)<\/p>\n<p>LAIS MAYARA MELO DURE\u00a0 \u00a0(Discente de doutorado\u00a0\u00a0\u00a0\u00a0\u00a0 UNESP\/Jaboticabal)<\/p>\n<p>LEILA BERNART\u00a0 \u00a0(Discente de doutorado\u00a0\u00a0\u00a0\u00a0\u00a0 UNESP\/Botucatu)<\/p>\n<p>MARCELA PACOLA OLIVEIRA (Discente de doutorado\u00a0\u00a0\u00a0\u00a0\u00a0 UNESP\/Botucatu)<\/p>\n<p>MARCO AURELIO DE CASTRO (Respons\u00e1vel t\u00e9cnico\u00a0\u00a0\u00a0\u00a0\u00a0\u00a0\u00a0\u00a0\u00a0 Corteva)<\/p>\n<p>PATRICIA BEZERRA MARIANO\u00a0 \u00a0(Respons\u00e1vel t\u00e9cnico\u00a0\u00a0\u00a0\u00a0\u00a0\u00a0\u00a0\u00a0\u00a0 Cultivar Agr\u00edcola)<\/p>\n<p>RICKIEL RODRIGUES FRANKLIN DA SILVA\u00a0 \u00a0 \u00a0 (Pesquisador volunt\u00e1rio\u00a0\u00a0\u00a0\u00a0\u00a0 UFRGS)<\/p>\n<p>SUZANY SANTOS DE MOURA\u00a0 \u00a0 (Respons\u00e1vel t\u00e9cnico\u00a0\u00a0\u00a0\u00a0\u00a0\u00a0\u00a0\u00a0\u00a0 Funda\u00e7\u00e3o Chapad\u00e3o)<\/p>\n<p>&nbsp;<\/p>\n<p>No ano de 2019, conseguimos mapear a atua\u00e7\u00e3o profissional de todos os egressos do programa:<\/p>\n<p>CARLOS HENRIQUE OLIVEIRA DE DAVID\u00a0 \u00a0 \u00a0(Respons\u00e1vel t\u00e9cnico\u00a0 \u00a0 \u00a0 \u00a0 \u00a0Agrotec)<\/p>\n<p>FRANCIELE MUCHALAK\u00a0 \u00a0 \u00a0(Professor\u00a0\u00a0\u00a0\u00a0\u00a0\u00a0\u00a0\u00a0\u00a0\u00a0\u00a0\u00a0\u00a0\u00a0 UNOPAR)<\/p>\n<p>GUSTAVO RIBEIRO BARZOTTO\u00a0 \u00a0 (Discente de doutorado\u00a0\u00a0\u00a0\u00a0\u00a0 UNESP\/Ilha Solteira)<\/p>\n<p>HELAINE CLAIRE FERREIRA DE ALMEIDA\u00a0 \u00a0(Discente de doutorado\u00a0\u00a0\u00a0\u00a0\u00a0 UFGD)<\/p>\n<p>JORGIANI DE AVILA\u00a0 (Discente de doutorado\u00a0\u00a0\u00a0\u00a0\u00a0 UNESP\/Botucatu)<\/p>\n<p>KATIANE SECCO CASTRO\u00a0 \u00a0 (Respons\u00e1vel t\u00e9cnico\u00a0\u00a0\u00a0\u00a0\u00a0\u00a0\u00a0\u00a0\u00a0 Atvos &#8211; Usina Costa Rica)<\/p>\n<p>LUIZ CLAUDIO RODRIGUES\u00a0 \u00a0 (Respons\u00e1vel t\u00e9cnico\u00a0\u00a0\u00a0\u00a0\u00a0\u00a0\u00a0\u00a0\u00a0 Agrovia e Campovita)<\/p>\n<p>MARIELY DE ABREU DOS SANTOS\u00a0 \u00a0(Aluna especial\u00a0\u00a0\u00a0\u00a0 Universidade de Lisboa\/Portugal)<\/p>\n<p>MAYARA FAVERO COTRIM\u00a0 \u00a0(Gerente de vendas\u00a0\u00a0\u00a0\u00a0\u00a0\u00a0\u00a0\u00a0\u00a0\u00a0\u00a0\u00a0\u00a0 Desafios Agro)<\/p>\n<p>MAYARA SANTANA ZANELLA\u00a0 (Discente de doutorado\u00a0\u00a0\u00a0\u00a0\u00a0 UFMS)<\/p>\n<p>MULLER DE PAULA RIBEIRO\u00a0 \u00a0(Respons\u00e1vel t\u00e9cnico\u00a0\u00a0\u00a0\u00a0\u00a0\u00a0\u00a0\u00a0\u00a0 Fazenda Nova Gera\u00e7\u00e3o\/Agu\u00e1 boa-MT)<\/p>\n<p>PAULO HENRIQUE MENEZES DAS CHAGAS\u00a0 \u00a0 \u00a0 \u00a0(Aprovado para doutorado\u00a0\u00a0\u00a0\u00a0\u00a0\u00a0\u00a0\u00a0\u00a0\u00a0\u00a0\u00a0\u00a0\u00a0 UNESP\/Ilha Solteira)<\/p>\n<p>PEDRO HENRIQUE ALVES MARTINS\u00a0 \u00a0 \u00a0(Professor assistente\u00a0\u00a0\u00a0\u00a0\u00a0\u00a0\u00a0\u00a0\u00a0\u00a0\u00a0 UCDB)<\/p>\n<p>RHAYRA ZANOL PEREIRA\u00a0 \u00a0 \u00a0 (Respons\u00e1vel t\u00e9cnico\u00a0\u00a0\u00a0\u00a0\u00a0\u00a0\u00a0\u00a0\u00a0 Syngenta)<\/p>\n<p>&nbsp;","protected":false},"excerpt":{"rendered":"<p>The Graduate Program in Agronomy has a strict policy for egress monitoring. This monitoring is carried out periodically by a committee through the personal contacts of the egresses (cell phone, email), social media (Facebook, Instagram), and Lattes CV. Thereby, the commettee members were able to map all the egresses over the years 2017, 2018, and [&hellip;]<\/p>\n","protected":false},"author":2550,"featured_media":0,"parent":0,"menu_order":0,"comment_status":"closed","ping_status":"closed","template":"","meta":{"footnotes":""},"coauthors":[7],"class_list":["post-1245","page","type-page","status-publish","hentry"],"_links":{"self":[{"href":"https:\/\/ppgagronomiacpcs.ufms.br\/en\/wp-json\/wp\/v2\/pages\/1245","targetHints":{"allow":["GET"]}}],"collection":[{"href":"https:\/\/ppgagronomiacpcs.ufms.br\/en\/wp-json\/wp\/v2\/pages"}],"about":[{"href":"https:\/\/ppgagronomiacpcs.ufms.br\/en\/wp-json\/wp\/v2\/types\/page"}],"author":[{"embeddable":true,"href":"https:\/\/ppgagronomiacpcs.ufms.br\/en\/wp-json\/wp\/v2\/users\/2550"}],"replies":[{"embeddable":true,"href":"https:\/\/ppgagronomiacpcs.ufms.br\/en\/wp-json\/wp\/v2\/comments?post=1245"}],"version-history":[{"count":6,"href":"https:\/\/ppgagronomiacpcs.ufms.br\/en\/wp-json\/wp\/v2\/pages\/1245\/revisions"}],"predecessor-version":[{"id":2801,"href":"https:\/\/ppgagronomiacpcs.ufms.br\/en\/wp-json\/wp\/v2\/pages\/1245\/revisions\/2801"}],"wp:attachment":[{"href":"https:\/\/ppgagronomiacpcs.ufms.br\/en\/wp-json\/wp\/v2\/media?parent=1245"}],"wp:term":[{"taxonomy":"author","embeddable":true,"href":"https:\/\/ppgagronomiacpcs.ufms.br\/en\/wp-json\/wp\/v2\/coauthors?post=1245"}],"curies":[{"name":"wp","href":"https:\/\/api.w.org\/{rel}","templated":true}]}}

The Graduate Program in Agronomy has a strict policy for egress monitoring. This monitoring is carried out periodically by a committee through the personal contacts of the egresses (cell phone, email), social media (Facebook, Instagram), and Lattes CV. Thereby, the commettee members were able to map all the egresses over the years 2017, 2018, and 2019. It appears that the Graduate Program in Agronomy has a critical core function, in which its egresses have been acting as PhD students and/or researchers in different institutions, agricultural companies (e.g., Coodetec, Cerradinho, etc.), and agriculture consulting or working on Agro-defense in different agencies. Currently, none of the egresses from the Graduate Program in Agronomy from the last four years is outside the labor market. These facts demonstrate that the Graduate Program in Agronomy is providing conditions for its master students to be successful in their professional life.</p>
<p>In 2017, the committee members were able to map the professional performance of all egresses of the Graduate Program in Agronomy:</p>
<p>&nbsp;</p>
<p>CHRISTIAN RONES WRUCK DE SOUZA OSORIO    (Responsável técnico: Fazenda Alegrete/Chapadão do Céu-GO)</p>
<p>CLAUDIA KELY PIRES DE MATTOS SORANA (Professor: EE Jorge Amado)</p>
<p>DAIANE DE SOUZA BUENO (Responsável técnico   AGCO)</p>
<p>DESIREE KRISLEYNE CANDIDO MODESTO (Discente de curso técnico em inglês RIGHTWORD Language institute/Irlanda)</p>
<p>HUGO MANOEL DE SOUZA  (Pesquisador:  Oro Agri AS)</p>
<p>JOB TEIXEIRA DE OLIVEIRA (Professor Adjunto UEMA)</p>
<p>MAICON JOSE NOCCHI  (Professor:  EE Jorge Amado)</p>
<p>MARCO ANTONIO VRECH DE SOUZA  (Discente de doutorado   UNESP/Jaboticabal)</p>
<p>MARILIZE BITTENCOURT CALDAS  (Responsável técnico   Agroceres)</p>
<p>PAULO AUGUSTO ZUCCHI DESENSO  (Responsável técnico   Nufarm)</p>
<p>PEDRO DE PAULA CABRAL   (Responsável técnico   Monsanto)</p>
<p>RAFAEL SANTOS FARAUN (Analista   Rabobank)</p>
<p>SAMELA BEUTINGER CAVALHEIRO   (Discente de doutorado   UFG)</p>
<p>&nbsp;</p>
<p>No ano de 2018, conseguimos mapear a atuação profissional de todos os egressos do programa:</p>
<p>ALINE SANT ANNA MONQUEIRO  (Técnica em laboratório de sementes   Fazenda Monte Alegre/Montividiu-GO)</p>
<p>BRUNA RENGEL DE FREITAS NAVES  (Condutora de visitantes    Parque Nacional das Emas)</p>
<p>FERNANDA BRITO CARDOSO   (Responsável técnico   Cultivar Agrícola)</p>
<p>FERNANDO HENRIQUE QUEIROZ SOUZA   (Discente de doutorado      UNESP/Botucatu)</p>
<p>FRANCIELI APARECIDA DO AMARAL (Responsável técnico          Preserva Legal)</p>
<p>GABRIEL LUIZ PIATI  (Discente de doutorado      UFGD)</p>
<p>IRINEU EDUARDO KUHN    (Discente de doutorado      UNESP/Botucatu)</p>
<p>JOSIANE APARECIDA VIVEIROS DE OLIVEIRA (Aluna especial     UNESP/Ilha Solteira)</p>
<p>LAIS MAYARA MELO DURE   (Discente de doutorado      UNESP/Jaboticabal)</p>
<p>LEILA BERNART   (Discente de doutorado      UNESP/Botucatu)</p>
<p>MARCELA PACOLA OLIVEIRA (Discente de doutorado      UNESP/Botucatu)</p>
<p>MARCO AURELIO DE CASTRO (Responsável técnico          Corteva)</p>
<p>PATRICIA BEZERRA MARIANO   (Responsável técnico          Cultivar Agrícola)</p>
<p>RICKIEL RODRIGUES FRANKLIN DA SILVA      (Pesquisador voluntário      UFRGS)</p>
<p>SUZANY SANTOS DE MOURA    (Responsável técnico          Fundação Chapadão)</p>
<p>&nbsp;</p>
<p>No ano de 2019, conseguimos mapear a atuação profissional de todos os egressos do programa:</p>
<p>CARLOS HENRIQUE OLIVEIRA DE DAVID     (Responsável técnico         Agrotec)</p>
<p>FRANCIELE MUCHALAK     (Professor               UNOPAR)</p>
<p>GUSTAVO RIBEIRO BARZOTTO    (Discente de doutorado      UNESP/Ilha Solteira)</p>
<p>HELAINE CLAIRE FERREIRA DE ALMEIDA   (Discente de doutorado      UFGD)</p>
<p>JORGIANI DE AVILA  (Discente de doutorado      UNESP/Botucatu)</p>
<p>KATIANE SECCO CASTRO    (Responsável técnico          Atvos &#8211; Usina Costa Rica)</p>
<p>LUIZ CLAUDIO RODRIGUES    (Responsável técnico          Agrovia e Campovita)</p>
<p>MARIELY DE ABREU DOS SANTOS   (Aluna especial     Universidade de Lisboa/Portugal)</p>
<p>MAYARA FAVERO COTRIM   (Gerente de vendas              Desafios Agro)</p>
<p>MAYARA SANTANA ZANELLA  (Discente de doutorado      UFMS)</p>
<p>MULLER DE PAULA RIBEIRO   (Responsável técnico          Fazenda Nova Geração/Aguá boa-MT)</p>
<p>PAULO HENRIQUE MENEZES DAS CHAGAS       (Aprovado para doutorado               UNESP/Ilha Solteira)</p>
<p>PEDRO HENRIQUE ALVES MARTINS     (Professor assistente            UCDB)</p>
<p>RHAYRA ZANOL PEREIRA      (Responsável técnico          Syngenta)</p>
<p>&nbsp;
